ne n(g).
-6
Let n(b) = 2*b + 18. Let o(d) = d + 9. Let z(t) = 4*n(t) - 9*o(t). Calculate z(-8).
-1
Let x(z) = 6*z**3 + z**2 + 2*z + 1. Let v be x(-1). Let p(j) = -5*j - 5. Let m(l) = -14*l - 14. Let k(c) = v*m(c) + 17*p(c). Calculate k(0).
-1
Let c(u) be the third derivative of -u**6/120 + u**5/12 - u**4/12 + u**3 - 10*u**2. Suppose g + 4*g = -5*w + 15, 5*g + 5 = -w. Determine c(w).
-4
Suppose 0 = 4*w - 2*v - v - 10, -4*v - 13 = -5*w. Let f(p) = -3*p**2 - 2*p**2 - 4*p**2. Calculate f(w).
-9
Let f(p) = -40 - 3*p**2 - 4*p + 39 + 4*p**2. Determine f(5).
4
Let u(y) = 7*y - 4 + y**2 - 9*y - y**2 + y**2. Give u(4).
4
Let i(l) be the second derivative of -l**5/20 + l**4/4 + 2*l**3/3 - 3*l**2/2 - 9*l. What is i(4)?
-3
Let l(q) = -q - 5. Let y be (-4)/6 - (-13)/(-3). Let a be l(y). Let j(x) = -1 + x + a + 2 + 0. Calculate j(0).
1
Let k be 2/(44/(-12) - -3). Suppose 1 = -2*x + 5. Let b = k + x. Let z(s) = s**3 + s**2 - s - 1. What is z(b)?
0
Let l be (-6)/(-4) + 21/14. Suppose -10 = -8*y + l*y. Let s(g) = -y - 2*g - 2 + 1. Determine s(-3).
3
Let r(c) = -14*c + 5. Let k(n) = n + 1. Let d be k(0). Let p(t) = -t + 1. Let l(i) = d*r(i) - 6*p(i). What is l(-1)?
7
Let a be 15/5*22/(-6). Let w(y) = 13*y**2 - 21*y - 23. Let n(m) = 7*m**2 - 11*m - 12. Let t(q) = a*n(q) + 6*w(q). Determine t(5).
-6
Suppose 0 = q + 5*q - 12. Let z(j) = -3*j**3 + 2*j**2 + j + 2. Give z(q).
-12
Suppose 0 = 5*k - 2*n + 24 - 0, -3*n = -4*k - 22. Let l(y) = y. Let c = -1 + -1. Let b(d) = d**2 - 5. Let s(a) = c*l(a) - b(a). Determine s(k).
-3
Let l(i) be the second derivative of 3*i**2 - 3*i + 1/6*i**3 + 0. What is l(0)?
6
Let f(u) = -2*u**2 + 6 - u - 4 + 6*u**2 + u**3. Let z(g) = -2*g + 3. Let j be z(-4). Let m = j + -15. Calculate f(m).
6
Let u(l) = -l + 5. Let a be (-1 + 3)*-1 - -2. Give u(a).
5
Let t(l) = l**2 - l - 3. Let j = -5 + 12. Suppose 3*i + 3*a = -11 - j, -2*i - 9 = 3*a. Let n be (2/(-3))/(2/i). What is t(n)?
3
Let d(b) be the third derivative of b**6/120 - b**5/60 + b**4/24 - 3*b**2. Let p be d(1). Let k(u) = 8*u**3 - u**2 + u - 1. What is k(p)?
7
Suppose -4*i + 3 + 1 = -p, 16 = -5*i - 4*p. Suppose i + 4 = -x. Let c(h) be the first derivative of h**3/3 + 7*h**2/2 + 6*h + 1. Calculate c(x).
-6
Let a(v) = 2*v - 7. Let r be a(7). Let m(c) = -c - 2. Give m(r).
-9
Let k(h) be the second derivative of -h**6/360 - 7*h**5/120 - h**4/8 + h**3/2 - 7*h. Let t(p) be the second derivative of k(p). Give t(-6).
3
Let x(k) be the first derivative of k**2/2 + 3*k + 1. Let o = 12 + -8. Let l(b) = b**3 - 4*b**2 - b + 1. Let u be l(o). Calculate x(u).
0
Let b = -2 - -2. Let o be (-2)/((-1)/2 - b). Suppose -o = -5*c + 1. Let g(y) = -3*y**3 + y**2. Give g(c).
-2
Let o(a) = a**2 + 1. Let r(c) = -25*c**2 + c - 3. Let q(g) = -4*o(g) - r(g). Give q(-1).
21
Let n(i) = -i**3 + 5*i**2 - 3*i - 5. Let m(l) = -3*l**3 + 15*l**2 - 8*l - 15. Let z(a) = -6*m(a) + 17*n(a). Let b be -3 + 9 + 0 + -1. Determine z(b).
-10
Let h(l) = -l**2 + 4*l. Suppose 5*v = v + 20. Suppose 12 = -4*b, 63 = v*t - 5*b + 23. Calculate h(t).
-5
Let j(t) be the second derivative of -t**4/12 + t**3/2 + 2*t**2 - 6*t. Calculate j(5).
-6
Let n(d) = -3 - d - 2*d**2 + 3*d**2 + 4. Let w(j) = -6*j**2 + 3*j - 4. Let f(l) = -l**2 + 2*l - 1. Let y be f(2). Let t(k) = y*w(k) - 5*n(k). What is t(-4)?
7
Let f(i) = i + 3. Suppose -u = u + 6. Determine f(u).
0
Suppose -3*a = -2*i - 5, 3*a + 2*i - 27 = -2. Let o(d) be the first derivative of -d**3/3 + 3*d**2 - d - 1. What is o(a)?
4
Let l(m) be the second derivative of -m**5/20 - m**4/12 + m**3/6 + 5*m**2 - 13*m. Give l(0).
10
Let h = 3 + -3. Suppose 0 = -h*k - 5*k - 10. Let s be (-1)/(-2)*k*2. Let m(i) = -i**2 + i. What is m(s)?
-6
Let i = 6 + 0. Let n(h) = -h**3 + 6*h**2 + 2*h - 7. Calculate n(i).
5
Let o(c) be the first derivative of -c**3/3 + 3*c**2 - 3*c - 1. Let r(i) = -3*i + 3*i + i - 3*i - 9. Let j be r(-7). Determine o(j).
2
Let s = 0 + -2. Let i be (0 + 3/(-3))*s. Let x(w) = -w - 5*w - w**2 + 3*w**i + 2. Give x(4).
10
Suppose -2*s = 5 + 1. Let r(t) = t + 1. Let a(l) be the third derivative of 3*l**4/4 + 3*l**3 + l**2. Let z(b) = a(b) - 15*r(b). What is z(s)?
-6
Let f(c) = -c + 10. Let d(j) = -j + 9. Let y(i) = 5*d(i) - 4*f(i). Determine y(6).
-1
Let z(l) = 19*l - 3 - 11*l - 10*l. Let g be (-46)/14 - (-6)/21. What is z(g)?
3
Let u(w) be the third derivative of -w**8/20160 + w**7/1260 - w**6/240 + w**5/60 - 4*w**2. Let b(o) be the third derivative of u(o). What is b(4)?
-3
Let d(s) = 6*s**3 - s. Suppose -2 = -2*i + 12. Suppose -5*x - n - 2 = -i, -x + 1 = 4*n. What is d(x)?
5
Let b(w) = -w - 4. Suppose 2*i = 4*d - 20, 3*i + 0*i + 24 = 4*d. Determine b(d).
-7
Suppose 0 = -4*o + 8. Let m(y) = 5*y**3 + y**2 - 3 + 3*y + 4*y**3 - 10*y**3. Calculate m(o).
-1
Let x(u) = 7*u**2 - 1. Let v(y) = -y**3 + 6*y**2 - 1. Suppose 7*n - 3*n - 20 = 0. Let m(f) = n*v(f) - 4*x(f). Give m(-1).
6
Let l(t) be the third derivative of t**9/60480 + t**8/10080 - t**5/30 - 2*t**2. Let r(n) be the third derivative of l(n). Determine r(-2).
0
Let z(u) = 5*u + 7 + u**2 - 2*u + 5*u + 0. Give z(-8).
7
Let w(b) = -4*b + 4. Let d be w(4). Let t be ((-2)/3)/(4/d). Let q(m) = -3*m**2 + 3*m. Give q(t).
-6
Let l(w) = -5*w + 1337 - w**2 - 664 - 669. What is l(-4)?
8
Suppose 3*j = -v + 24, 6*v + 16 = 2*j + 3*v. Let b = j - 3. Let l(h) = 3 - 5*h - 21*h**2 + 41*h**2 - 19*h**2. Calculate l(b).
3
Let r(k) = 7*k**2 + 1. Suppose 9*b + 1 = 10*b. Suppose 3*x + b = 2*x. Give r(x).
8
Let c(k) = -k + 1. Let m = 9 - 10. Calculate c(m).
2
Let p(r) = 2*r**3 + 7*r**2 - 2*r - 5. Let q(k) = 2*k**3 + 8*k**2 - 2*k - 6. Let u(l) = 6*p(l) - 5*q(l). What is u(-2)?
-4
Suppose -6*j + 8 + 22 = 0. Let a(u) = -2*u + u + 5 - j. Give a(5).
-5
Let f(a) = a**2 + a - 1. Let t(m) = -m**3 - 3 + 2*m**2 + 3*m - 8 + 2 - 2*m. Suppose 2*x - 1 = 1. Let w(b) = x*t(b) - 2*f(b). What is w(0)?
-7
Let r = -189 + 185. Let c(q) be the third derivative of -q**6/120 - q**5/12 - 5*q**4/24 - q**3/2 - q**2. What is c(r)?
1
Let f(x) = x. Let b be f(3). Let n(p) be the second derivative of -p**5/20 + p**4/3 - p**3/6 - p**2 + 8*p. Calculate n(b).
4
Let c(w) = 3*w**3 + 5*w**2 - 9*w - 1. Let s(k) = -k**2 + 3*k**2 + k**3 + 7*k - 10*k. Let h(z) = -3*c(z) + 8*s(z). Let i be (3 - (0 + -2)) + -2. What is h(i)?
-6
Let t be 144/20 + (-2)/10. Let m(o) = 2*o**3 - 3*o**2 - 2. Let w(l) = l**3 - l**2 - 1. Let u(x) = 6*m(x) - 11*w(x). Determine u(t).
-1
Let w(q) = q**3 + q**2 + 6. Let r be (-4 - -2)*(-6)/4. Suppose r*n = -n + 36. Let h = n - 9. Give w(h).
6
Suppose -4*q + 12 = 0, 0 = -m - 2*q + 6*q - 8. Let a(x) = 4*x - 3*x**3 + 3 + 6*x**2 + m*x**3 + x. Determine a(-5).
3
Let q(w) be the third derivative of -w**5/60 - w**4/4 - w**3/6 + w**2. Let g = -133 + 127. Give q(g).
-1
Let w(v) = v**2 + v + 1. Let o be -2 + -1 + (2 - 1)*0. Determine w(o).
7
Let g(s) = -2*s**2 - 2*s + 5. Let t(f) = 5*f**2 + 4*f - 11. Let x = -15 + 21. Let r(u) = x*t(u) + 13*g(u). Let v = 0 + -1. Calculate r(v).
5
Let w(o) = o**2 + 1. Let u be ((-4)/8)/((-3)/(-6)). What is w(u)?
2
Let p = 0 - -4. Let u(b) = 3*b - 10. Let n be u(p). Let x(v) = -v**3 + 4*v**2 - 4*v + 2. Calculate x(n).
2
Let m be ((-3)/6)/((-2)/(-4)). Let w be (-1)/1 + (5 - 2). Let l(i) = 5*i**2 - w*i**3 - i**2 - 3*i**2. Determine l(m).
3
Suppose -h + 5*v + 8 = -0*h, 0 = 4*h - v - 13. Let r(t) = -6*t + 2. Determine r(h).
-16
Suppose -3*k = 2*n, -3*n + 3*k - k + 26 = 0. Let z(l) be the first derivative of l**3/3 - 4*l**2 + 8*l - 7. Determine z(n).
-4
Let c(i) be the third derivative of -1/10*i**5 + 0*i + 1/6*i**4 + 1/2*i**3 + 0 - 3*i**2 + 1/120*i**6. Let u(m) = -2*m + 1. Let n be u(-2). Determine c(n).
-2
Suppose 4 + 28 = -4*i. Let b be 1/(-1) - i/4. Let k(l) = l + 1. What is k(b)?
2
Suppose v + 30 = 6*v. Let f(k) = 18*k**3 - 8*k**3 + 4*k**2 - 9*k**3 - v*k - 3. Give f(-5).
2
Let b(f) = 9*f + 18. Let j be b(-3). Let t(c) = c**2 + 9*c + 2. Give t(j).
2
Let o = 56 - 60. Let a(d) = d**2 + 3*d + 2. What is a(o)?
6
Let g(c) = c**3 - c**2 - c. Let z(u) = 7*u**3 - 3*u**2 - 8*u - 4. Let r(q) = -6*g(q) + z(q). Suppose 3*h - 1 = -2*k, 2*h = h - 5*k + 22. Give r(h).
2
Let m = -14 + 25. Suppose 5*o + v - m = 0, 4 = -v + 5. Suppose -o*z - 12 = z. Let w(h) = h - 2. Calculate w(z).
-6
Let q(f) = f**3 - f - 1. Let d(l) = 6*l**2 - 2*l**2 + 0*l**2 - 5*l**3 + 2 + 4. Let v(r) = d(r) +